ulate 2 + (-50 - 4) - (1 + -6 + 1 + 2).
-50
Evaluate (1 - (22 + -1) - -4) + 17.
1
-63 - (-19 - 81) - (-3 + (2 - 0))
38
Calculate 121 + 10 + -26 + (5 - 5) + -21.
84
38 - 22 - -27 - 4
39
What is 607 + -579 + -45 + 4?
-13
What is -27 - (-11 - 15) - (-9 + 1)?
7
-61 + (19 + -10 + -6 - (6 - (17 - 10)))
-57
1 - ((-6 + 8 - (-8 + 5)) + 9)
-13
What is the value of -2 + 35 + -14 + (-4 - 22)?
-7
What is the value of 18 + (-52 - (43 - 78))?
1
What is the value of 10 + (-14 + (11 - (8 + 3)) - -6) - 65?
-63
24 + 10 + -33 + 6 + (15 - -3)
25
Evaluate (2 - 12 - -2 - (348 - 354)) + 2 - -42.
42
Evaluate 6 + -4 - (-3 - ((1 - -3) + -10)).
-1
What is 3 + (-2 - -4) + -18 + (-854 - -803)?
-64
What is the value of -8 - (134 - 36 - 49)?
-57
Calculate -10 - (-1 + 10 - (-37 - -49 - (-52 - -1))).
44
Evaluate -5 + (-22 - (7 + -1 + 2)).
-35
1 + 4 - (2 + -4) - ((452 - -19) + -456)
-8
Evaluate -66 - (-4 + (1 - (-37 + 8 + 11) - 0)).
-81
What is the value of -82 - -96 - (-69 + 21)?
62
What is the value of (9 - -7) + (-10 + 11 - 18)?
-1
What is 0 + -1 + (-20 + 21 - 26) + 45?
19
What is the value of 2 + -3 + 62 - (-23 - (21 - 92 - -57))?
70
What is the value of -5 + 5 + -1 + (1 - -58) - (46 + -40)?
52
-4 - (-8 - 5) - (1 - -2) - (80 + -34)
-40
Calculate (-7 - (25 - -37)) + 39.
-30
Calculate (4 - 4) + (-6 - -22) + -28 + 7.
-5
What is 27 - 0 - ((-64 - (-65 + 1)) + 1 + 5)?
21
Calculate 90 - (17 + 3 + 0 - (165 - 163)).
72
What is -2115 - -2089 - (12 + 1)?
-39
What is (-7 - 0 - (-21 - -16)) + -93 + 75?
-20
Calculate -10 - (6 + -41 + 25).
0
What is the value of -8 - (33 + (16 - 25 - 5) - -33)?
-60
What is the value of -6 - (-111 - -40 - (2 - 1)) - -8?
74
12 - ((3 - -13) + (26 - 25 - -13))
-18
Evaluate -3 - (6 - (68 - 7)) - (108 - 97).
41
What is the value of -25 - 2 - (379 + -406)?
0
Calculate -256 + 250 + (-1 - 1) - -34.
26
What is the value of -1 + -31 - (-6 - (-5 + (9 - 25)))?
-47
(44 - (-21 + 84 - -23)) + -7
-49
What is (-20 + 18 - 32) + (-5 - 1)?
-40
(-1050 - -1044) + (1 - 19)
-24
What is 53 + -106 + 134 + -58?
23
-15 - (-2 + 14 + -130 + 74)
29
What is the value of -2 + 21 + (-25 - (9 + (-35 - -12))) - 61?
-53
Evaluate -2061 + 1963 - (-48 + 5).
-55
(-28 - 53) + 57 - (-36 - 94)
106
Calculate (30 - 13 - -23) + (58 - 34).
64
What is the value of -23 + 2 + -3 - 5 - 20?
-49
What is the value of 25 + -13 + -29 + 14 - 20?
-23
What is the value of (-3 - (9 - 2) - (-26 + 16 + -13)) + 21?
34
What is the value of -48 + 2 - (58 + -130 - -76)?
-50
Calculate (-96 - -1) + 17574 + -17517.
-38
Evaluate (-30 + -42 - -92) + (2 - 3) + -107.
-88
14 - (139 - 54) - 1
-72
What is -430 - -406 - (6 + -8 + (25 - 11))?
-36
Evaluate 1 + -75 + (37 - (20 - (15 - 21))) + -10.
-73
1 - (15 - (6 - (6 - 7)) - 14)
7
What is the value of 4 + -17 - -7 - -18 - (4 - -78)?
-70
18 + -32 - (25 + (-14 - -4))
-29
What is -27 - (-2 - (-41 + 43 + -33))?
-56
Evaluate -136 + 24 - (-124 - -79).
-67
Evaluate -2 - (32 + -95 + 137).
-76
What is the value of -171 + (-16 - (66 - 116))?
-137
Evaluate (-16 - (-15 + 6)) + 19 - 15.
-3
Calculate 34 + -17 - (4 - 13 - 17).
43
What is the value of -60 + (-123 - -75) - -34?
-74
(-5 - -15) + -9 + (-23 - -38)
16
Evaluate (-16 - 1) + 5 + (-90 - -177).
75
Calculate -71 + (17 + -3 - -20) - -164.
127
Evaluate 4 - (1 + -12 + 122 + -14 + (-5 - -10)).
-98
Evaluate -1 + 5 - (38 + -40) - (-26 - 6 - -11).
27
Calculate -19 - (73 - (145 - 24)).
29
-70 + -121 + -69 + 174
-86
What is -61 + -3 - (334 + -387)?
-11
What is the value of -156 - -62 - (36 - 163)?
33
Evaluate -39 + -2 - (10602 + -10564).
-79
Calculate 5 - ((-11 - 0) + (0 - -54 - (-1905 - -1882))).
-61
131 - (330 - 7 - 66)
-126
Calculate ((4 - 3) + 19 - (-16 - (21 + -44))) + -2.
11
Evaluate -25 + -26 + 55 + 29.
33
Evaluate 128 + -122 + 105 + -175.
-64
What is the value of 25 + (56 - 35) + 13 + -5?
54
35 - -4 - (-6198 - -6194 - ((2 - 0) + -1))
44
43 - (-12 - (13 + -10) - -17)
41
Evaluate 49 - (79 + -87 - (-20 - -3)) - -19.
59
Evaluate (2 - 2) + 19 + -1 + (-3065 - -3071).
24
Calculate -9 + 52 + 60 - 45.
58
What is -329 + 326 - (3 - -52)?
-58
What is 11 - (-23 - ((-7 - (-9 - 3)) + -6))?
33
Evaluate 20 - (-1 + (-16 + 18 + 8 - 20)).
31
What is -3 + -9 - (0 - -1) - ((-38 - -81) + -130)?
74
Evaluate 56 + (-53 + 200 - 104).
99
Evaluate -9 - (57 + (-33 - 24)).
-9
What is the value of -125 + 95 - (-6 - 58)?
34
What is -12 + 2 + -43 + (4 + 15 - 8) + 1?
-41
(2 - -6 - (165 + -134)) + 112
89
Calculate -18 + -25 + 7 - (-20 - -3).
-19
Calculate 744 - 736 - (-1 + 16).
-7
What is (608 - 640) + (1 - 10 - 0)?
-41
87 - 26 - -37 - 40
58
What is the value of -75 + (-24 + 8 - -44) - -34?
-13
What is the value of 88 - 2 - (-2720 - -2694)?
112
Evaluate 201 - 215 - (-106 + (1 - -6)).
85
Evaluate 62 + (-1 - 84 - -40).
17
What is -1 - (13 - -5) - (31 - 69)?
19
What is (-67 - (-40 + -7)) + 33?
13
2 - ((-1 - (9 - (-1 + 18))) + 11)
-16
What is the value of (-72 + 54 - -87) + -115?
-46
-145 + 167 + -163 - 2
-143
Calculate (-6 + 9 - (-14 - -14)) + -6 - 35.
-38
What is the value of 173 - (102 + (-1 - 3))?
75
-49 + (687 + -684 + (2 - (16 - 1)) - -6)
-53
Calculate 36 + -15 - ((-47 - -53) + 0 + 7).
8
What is 4 + (4 - (4 - -1)) + -45 + 5 + 1?
-36
What is -11 + 15 - 9 - ((15 + -105 - -16) + 16)?
53
What is the value of (-8 + 9 - 11 - -9) + -2 - (3 + -37)?
31
What is 84 + 2 - (0 + 3 + 41 + -22 + -16)?
80
What is the value of (-11 - (39 + (8 - 27))) + 46?
15
Calculate -26 - ((-34 + 57 - -16) + 5).
-70
Calculate -9 - ((7 - 11) + 33) - (-1 - 0 - -10).
-47
What is the value of (22 - (0 + 30 + -13 - 13)) + -53?
-35
What is the value of -9 + (26 - (-9 + -14 + 8))?
32
Evaluate 0 - -2 - (-110 - -164 - (-2 - -41)).
-13
Calculate (8 + -3 - -22) + 34.
61
Evaluate -2 - (-66 - (-81 - -42)).
25
What is -49 - -5 - (17 + -21) - -11?
-29
What is the value of 359 + -331 - ((-2 - 1) + 52)?
-21
80 + -23 + -118 - -80
19
What is the value of (2 - 27) + 0 - (5654 - 5666)?
-13
Evaluate (4 - 12 - -15 - (5 - 9)) + -9 + -5.
-3
2 - (0 + 20 - 1) - (-21330 - -21368)
-55
What is -1 + 18 + -4 + 1 + -22 + 44?
36
What is (-60 - 34) + -9 + 51?
-52
What is (-7 - 5 - (3 + -11) - (0 + 0)) + 35?
31
What is 6 - (12 - (-33 - -18 - (1 + -13)))?
-9
What is 292 - 297 - (-23 + 7)?
11
Calculate 33 - (-1 + (-20 + 12 - -17)).
25
(2 - -8) + (-52 - (47 + -102)) - (-62 - -2)
73
Evaluate (-1 - (-17 - -2)) + (-92 + -10 - -40) + 35.
-13
Calculate -55 - (54 + (63 - 121)).
-51
Evaluate 12 + (-5 - -5) + -30 + 29.
11
Evaluate -53 + (31 - -6) - -34.
18
Calculate ((16 - (8 - 3)) + 0 - 11) + -45.
-45
Calculate 41 + -2 - (-1361 - -1397).
3
(4 - -16 - -2) + 8 + -7
23
Calculate 110 + 13 + (10 - (12 + 20 + -14)) - 9.
106
What is (-559 - -504) + (-4 + 3 - (6 + -7) - 13)?
-68
Evaluate (17 - (10 - -9) - -14) + 25.
37
(-8 - (-1 + -3)) + -12 + 32 + 14
30
What is the value of 30 - (-24 + 82 - 39)?
11
Evaluate (9 + -9 + -11 - -10 - (-11 - -7)) + 1.
4
What is -8 - (3 + 64 + (-21 - -13) + 3 + 4)?
-74
(-2 - ((1 + -8 - (-36 - -28)) + -6)) + 41
44
Calculate (241 - 117) + -134 - (0 - 19).
9
Calculate -2 - (-73 - (-66 + 17)).
22
What is the value of (15 - (-10 - -118)) + 19 - (-21 - (-3 - 5))?
-61
-3 + -18 + 13 + (2 - 18 - -11)
-13
Calculate 44 + -19 - 26 - (0 - (6 + 32)).
37
What is the value of -42 - 5 - (-317 - -290) - -125?
105
(-2 - 6) + -2 + (24 - 18) + -21
-25
What is 42 + -73 - 98 - -101?
-28
What is -59 - (32 - (49 + 31))?
-11
What is the value of (37 - (-1 + 1)) + (61 - 57 - 2)?
39
What is the value of (308 - 179) + -93 + (3 - 0)?
39
Evaluate 49 + (49 - 47) + -5.
46
Evaluate -142 + (64 - -68) - ((1 - -1) + (1 - 6)).
-7
What is the value of -23 - (16 + -34) - (-2 + 1 - -3)?
-7
What is the value of 24 + -10 + -5 + (15 - 45) + -11?
-32
31 + (-18 - (-32 - -68)) + (3 - -96)
76
Evaluate 0 + -7 - (-40 - (-40 + -39)).
-46
What is the value of -35 - (-1 - -11) - -39 - (-39 - -4)?
29
What is (-13 - (-1 + 11 + -11 + -21 - 4)) + 9?
22
Calculate (-13 - (-7 + -12) - 9) + 9 - -6.
12
Evaluate (0 + -1 + 15 - -1) + (-32 - (88 - 110)).
5
What is ((4 - -7) + -21 - -6) + (19 - 6) + -99?
-90
Calculate (-40 - (-23 + 20 + -7)) + (1 - -7).
-22
What is (116 + -103 - (-2 + 9)) + -37 + 0?
-31
Calculate (-1 + 105 + -5 - (461 + -441)) + (0 - 10).
69
Evaluate -9 + 129 + -18 + 24 + -11 - (-1 + 13).
103
What is the value of -33 - (16 + -6) - -16 - 14?
-41
Calculate (1 - -15) + 5 - (-65 - 